{"id":87,"date":"2019-06-05T05:43:56","date_gmt":"2019-06-05T05:43:56","guid":{"rendered":"http:\/\/mibeeck.de\/wordpress\/?page_id=87"},"modified":"2025-10-05T11:37:39","modified_gmt":"2025-10-05T11:37:39","slug":"kontakt-2","status":"publish","type":"page","link":"https:\/\/mibeeck.com\/?page_id=87","title":{"rendered":"Kontakt"},"content":{"rendered":"\n<p><strong>Michael M. Beeck<\/strong><br><br>mibeeck Consulting GmbH <br>Alpenstr. 28<br>D-85560 Ebersberg<br>(Verwaltungssitz)<br><br>mibeeck Consulting Gmbh<br>M\u00fchlenstr. 10<br>D-85567 Grafing b. M\u00fcnchen<br>(B\u00fcro Standort)<\/p>\n\n\n\n<p><a href=\"mailto:michael.beeck@mibeeck.de\">michael.beeck@mibeeck.de<\/a><\/p>\n\n\n\n<p class=\"has-text-align-left\">TEL.: +49 8092 25043 90<br>FAX : +49 8092 25043 99<br>Mobil: +49 176 550 811 71<\/p>\n\n\n\n<p><\/p>\n\n\n\n<p><a href=\"https:\/\/www.linkedin.com\/in\/michael-beeck-7818243\">Michael Beeck<\/a><\/p>\n\n\n\n<p><a href=\"https:\/\/mibeeck.com\/wp-content\/uploads\/2025\/10\/MBCONS20251005.pdf\" target=\"_blank\" rel=\"noreferrer noopener\">Kurzbiographie \/ Beraterprofil (DE)<\/a><\/p>\n\n\n\n<p><a href=\"https:\/\/mibeeck.com\/wp-content\/uploads\/2025\/10\/MBCONS20251005-en-US.pdf\" target=\"_blank\" rel=\"noreferrer noopener\">Short Biography \/ Consultant Profile (ENG)<\/a><\/p>\n\n\n\n<p><\/p>\n","protected":false},"excerpt":{"rendered":"<p>Michael M. Beeck mibeeck Consulting GmbH Alpenstr. 28D-85560 Ebersberg(Verwaltungssitz) mibeeck Consulting GmbhM\u00fchlenstr. 10D-85567 Grafing b. M\u00fcnchen(B\u00fcro Standort) michael.beeck@mibeeck.de TEL.: +49 8092 25043 90FAX : +49 8092 25043 99Mobil: +49 176 550 811 71 Michael Beeck Kurzbiographie \/ Beraterprofil (DE) Short Biography \/ Consultant Profile (ENG)<\/p>\n","protected":false},"author":1,"featured_media":0,"parent":0,"menu_order":0,"comment_status":"closed","ping_status":"closed","template":"","meta":{"footnotes":""},"class_list":["post-87","page","type-page","status-publish","hentry"],"_links":{"self":[{"href":"https:\/\/mibeeck.com\/index.php?rest_route=\/wp\/v2\/pages\/87","targetHints":{"allow":["GET"]}}],"collection":[{"href":"https:\/\/mibeeck.com\/index.php?rest_route=\/wp\/v2\/pages"}],"about":[{"href":"https:\/\/mibeeck.com\/index.php?rest_route=\/wp\/v2\/types\/page"}],"author":[{"embeddable":true,"href":"https:\/\/mibeeck.com\/index.php?rest_route=\/wp\/v2\/users\/1"}],"replies":[{"embeddable":true,"href":"https:\/\/mibeeck.com\/index.php?rest_route=%2Fwp%2Fv2%2Fcomments&post=87"}],"version-history":[{"count":4,"href":"https:\/\/mibeeck.com\/index.php?rest_route=\/wp\/v2\/pages\/87\/revisions"}],"predecessor-version":[{"id":444,"href":"https:\/\/mibeeck.com\/index.php?rest_route=\/wp\/v2\/pages\/87\/revisions\/444"}],"wp:attachment":[{"href":"https:\/\/mibeeck.com\/index.php?rest_route=%2Fwp%2Fv2%2Fmedia&parent=87"}],"curies":[{"name":"wp","href":"https:\/\/api.w.org\/{rel}","templated":true}]}}