{"id":65,"date":"2019-06-04T12:25:25","date_gmt":"2019-06-04T12:25:25","guid":{"rendered":"http:\/\/mibeeck.de\/wordpress\/?page_id=65"},"modified":"2019-06-04T12:25:25","modified_gmt":"2019-06-04T12:25:25","slug":"ausgewahlte-vortrage-und-workshops","status":"publish","type":"page","link":"https:\/\/mibeeck.com\/?page_id=65","title":{"rendered":"Ausgew\u00e4hlte Vortr\u00e4ge und Workshops"},"content":{"rendered":"\n<h4 class=\"wp-block-heading\">&#8222;Killing Storage &#8211; Intelligent Edge&#8220;<\/h4>\n\n\n\n<ul class=\"wp-block-list\"><li>Gegen die Prognose vieler Storage-Hersteller entwickelt sich IOT\/IIOT nicht zwangsl\u00e4ufig zum neuen Storage-Treiber in den Rechenzentren oder Cloud sondern zu einem eigenst\u00e4ndigen \u00d6kosystem aus intelligenten Sensoren und effizienter Vorverarbeitung. Embedded AI, wie z.B. Google\u2019s Coral TPUs, verlagern bereits einen Gro\u00dfteil der Verarbeitung und Auswertung auf die Sensoren am Erfassungsort. Eine \u00dcbertragung oder gar Speicherung der Massendaten wird hierdurch obsolete.&nbsp;<\/li><\/ul>\n\n\n\n<h4 class=\"wp-block-heading\">&#8222;IoT, Analytics in der Cloud und Watson Cognitive&#8220;<\/h4>\n\n\n\n<ul class=\"wp-block-list\"><li>Was haben Big Data Analytics und die Verteilung einer Elektronen-ladungswolke (\u201etauCam4Life\u201c) gemeinsam? Beides erfordert ein tiefes Verst\u00e4ndnis von Daten-Beziehungen und Algorithmen aber auch von technischer Machbarkeit und \u00f6konomischer Umsetzung. Die Cloud kann die erforderliche Rechenleistung f\u00fcr eine Analyse gro\u00dfer Datenmengen \u00f6konomisch bereitstellen, aber oft sind Infrastruktur und Prozesse in den Rechenzentren nicht in der Lage diese Ressourcen\u00a0<\/li><\/ul>\n\n\n\n<h4 class=\"wp-block-heading\">\u00a0<strong>\u201eCloud Workshop f\u00fcr IT-Entscheider\u201c<\/strong><\/h4>\n\n\n\n<ul class=\"wp-block-list\"><li>Eine Betrachtung abseits jeglicher Produkt- und Herstellerwelten. Was bedeutet Agilit\u00e4t im Rechenzentrum und welche Vorteile ergeben sich aus einem agilen Betrieb? Interne Prozesse, Workarounds und Compliance m\u00fcssen nicht generell gegen eine Cloud-Strategie sprechen. Welche Strategien erlauben ein sanftes \u201eon-boarding\u201c einer bestehenden Betriebsmannschaft.\u00a0<\/li><\/ul>\n\n\n\n<h4 class=\"wp-block-heading\"><strong>&#8222;Instant Recovery &#8211; Backup als Storage-Infrastrukturdienst&#8220;<\/strong><\/h4>\n\n\n\n<ul class=\"wp-block-list\"><li>W\u00e4hrend vielerorts noch von Backup-Problemen und Backupl\u00f6sungen gesprochen wird, erkl\u00e4ren moderne Ans\u00e4tze Backup als Relikt aus vergangenen Tagen. In Zeiten von serviceorientierten Ans\u00e4tzen und Cloud Edge Technologien erf\u00fcllt eine effiziente Verwaltung aller Datenkopien im Unternehmen gleicherma\u00dfen die Anforderungen an verz\u00f6gerungsfreie Wiederherstellung und Langzeitarchiv. Und dies als ein weiterer Dienst von Storage-Infrastrukturdiensten.<\/li><\/ul>\n\n\n\n<h4 class=\"wp-block-heading\"><strong>\u201eBig Data und internet of things\u201c \u2013 Spontan vernetzende Gl\u00fchbirnen und Mega Flops in der Gr\u00f6\u00dfe einer Zigarettenschachtel.<\/strong><\/h4>\n\n\n\n<ul class=\"wp-block-list\"><li>\u201eAbgefahren\u201c, im wahren Sinn des Wortes, sind bereits heute schon technologische Ans\u00e4tze und deren Implementierung nicht nur im Umfeld des autonomen Fahrens. Abgefahren, im Sinne von beeindruckend, sind auch Anwendungsm\u00f6glichkeiten von sich im Internet mit IPV6 spontan vernetzender Sensoren und Produkten des t\u00e4glichen Lebens. Abgefahren, im Sinne von schwer vorstellbar, sind die schieren Datenmengen und Analyseans\u00e4tze die sich hieraus ergeben.\u00a0<\/li><\/ul>\n\n\n\n<h4 class=\"wp-block-heading\"><strong>&#8222;Oracle Datenbankforensik &#8211; Beweissicherung in den Fragmenten einer Datenbank&#8220;<\/strong><\/h4>\n\n\n\n<ul class=\"wp-block-list\"><li>Datenbanken sind die wichtigsten Lebensnerven eines Unternehmens. Entsprechend lohnend sind diese als Ziel f\u00fcr Angriffe aus dem Unternehmen und von au\u00dfen.\u00a0\u00a0W\u00e4hrend viele Angriffe durch Auditing und Logging erkannt und nachvollzogen werden k\u00f6nnen, ist ein Angriff durch Fachpersonal, z.B. aus dem eigenen Haus, problematisch. Ein System k\u00f6nnte kompromittiert, die Spuren jedoch manipuliert oder sogar beseitigt werden. Hier findet man sich bei der Analyse sehr schnell auf der Ebene der Bl\u00f6cke, in Dateien oder Filesystemen wieder.<\/li><\/ul>\n","protected":false},"excerpt":{"rendered":"<p>&#8222;Killing Storage &#8211; Intelligent Edge&#8220; Gegen die Prognose vieler Storage-Hersteller entwickelt sich IOT\/IIOT nicht zwangsl\u00e4ufig zum neuen Storage-Treiber in den Rechenzentren oder Cloud sondern zu einem eigenst\u00e4ndigen \u00d6kosystem aus intelligenten Sensoren und effizienter Vorverarbeitung. Embedded AI, wie z.B. Google\u2019s Coral TPUs, verlagern bereits einen Gro\u00dfteil der Verarbeitung und Auswertung auf die Sensoren am Erfassungsort. Eine &hellip; <\/p>\n<p class=\"link-more\"><a href=\"https:\/\/mibeeck.com\/?page_id=65\" class=\"more-link\"><span class=\"screen-reader-text\">\u201eAusgew\u00e4hlte Vortr\u00e4ge und Workshops\u201c<\/span> weiterlesen<\/a><\/p>\n","protected":false},"author":1,"featured_media":0,"parent":0,"menu_order":0,"comment_status":"closed","ping_status":"closed","template":"","meta":{"footnotes":""},"class_list":["post-65","page","type-page","status-publish","hentry"],"_links":{"self":[{"href":"https:\/\/mibeeck.com\/index.php?rest_route=\/wp\/v2\/pages\/65","targetHints":{"allow":["GET"]}}],"collection":[{"href":"https:\/\/mibeeck.com\/index.php?rest_route=\/wp\/v2\/pages"}],"about":[{"href":"https:\/\/mibeeck.com\/index.php?rest_route=\/wp\/v2\/types\/page"}],"author":[{"embeddable":true,"href":"https:\/\/mibeeck.com\/index.php?rest_route=\/wp\/v2\/users\/1"}],"replies":[{"embeddable":true,"href":"https:\/\/mibeeck.com\/index.php?rest_route=%2Fwp%2Fv2%2Fcomments&post=65"}],"version-history":[{"count":0,"href":"https:\/\/mibeeck.com\/index.php?rest_route=\/wp\/v2\/pages\/65\/revisions"}],"wp:attachment":[{"href":"https:\/\/mibeeck.com\/index.php?rest_route=%2Fwp%2Fv2%2Fmedia&parent=65"}],"curies":[{"name":"wp","href":"https:\/\/api.w.org\/{rel}","templated":true}]}}