{"id":41,"date":"2019-05-24T10:01:14","date_gmt":"2019-05-24T10:01:14","guid":{"rendered":"http:\/\/mibeeck.de\/wordpress\/?page_id=41"},"modified":"2025-03-13T08:32:03","modified_gmt":"2025-03-13T08:32:03","slug":"about-me","status":"publish","type":"page","link":"https:\/\/mibeeck.com\/","title":{"rendered":"Michael M. Beeck"},"content":{"rendered":"\n<h3 class=\"wp-block-heading\">Beratender <em>Technologe und Vision\u00e4r<\/em>, Technologie Evangelist<\/h3>\n\n\n\n<div class=\"wp-block-image\"><figure class=\"alignleft\"><img decoding=\"async\" src=\"https:\/\/mibeeck.de\/wordpress\/wp-content\/uploads\/2019\/05\/MB.png\" alt=\"\" class=\"wp-image-46\"\/><\/figure><\/div>\n\n\n\n<p>Michael M. Beeck (*08.Oktober.1960 in Heidelberg) ist Unternehmer, Vision\u00e4r, Strategie-Consultant und Referent.&nbsp;&nbsp;&nbsp;Nach 25 Jahren als technischer Gesch\u00e4ftsf\u00fchrer und Entwicklungsleiter an der Spitze der M\u00fcnchner Systemh\u00e4user \u201ebest Systeme GmbH\u201c und \u201ebest Technologie GmbH\u201c ist er heute unabh\u00e4ngiger Berater und Gesch\u00e4ftsf\u00fchrer der \u201emibeeck Consulting GmbH\u201c.&nbsp;&nbsp;Schon w\u00e4hrend des Studiums der Elektrotechnik an der FH Darmstadt entwickelte er Software und Systeme f\u00fcr Anwendungen in der Hirnforschung. Ein Forschungsbereich, der bis heute seine Interessen und sein berufliches Wirken begleitet. Er betreute verantwortlich die Forschung zu &#8222;High Performance Precise Big Data Analytics&#8220; im Rahmen des BMBF-Verbundprojektes &#8222;tauCam4Life&#8220;. Ein Projekt, aus dem die weltschnellste Kamera zum Beobachten lebender Zellen hervorging und das 2013 und 2017 mit dem Hugo-Junkers Innovationspreis ausgezeichnet wurde.<\/p>\n\n\n\n<p>Nach dem Umzug von Darmstadt nach M\u00fcnchen gr\u00fcndete er 1994 mit einem Partner gemeinsam das Systemhaus best Systeme GmbH. Als einer der Ersten von Sun durchzertifizierten Implementierungspartner f\u00fcr Sun-Cluster und parallele Datenbanksysteme von Oracle, genie\u00dft das herstellerunabh\u00e4ngige Systemhaus bis heute einen sehr guten Ruf als Experte f\u00fcr Hochverf\u00fcgbarkeit und &#8222;Leading Edge&#8220; Technologie im Rechenzentrum.&nbsp;<\/p>\n\n\n\n<p>\u00dcber 20 Jahre Erfahrung mit Technologien und Prozessen in Enterprise Rechenzentren, kombiniert mit technologischer Spitzenforschung, machen Michael Beeck seit vielen Jahren zu einem gefragten Berater und Experten f\u00fcr zukunftsweisende RZ-Technologien. In dieser Eigenschaft begleitet er Kunden aus Beh\u00f6rden und Industrie bei Projekten und Ausschreibungen zur Modernisierung von Rechenzentren. Er gilt als \u201eCloud-Protagonist\u201c und ber\u00e4t seit 2012 Kunden bei der Planung und Umsetzung von Cloud und Cloud-Aware Technologien.Dar\u00fcber hinaus ist er ein gefragter Fachreferent auf wichtigen Informationsveranstaltungen. Als \u201eTechnologie Evangelist\u201c vertritt er gerne radikal andere und radikal einfache Ans\u00e4tze im Umfeld Data Management und RZ-Betrieb. Michael Beeck h\u00e4lt mehrere technische Qualifikationen f\u00fchrender Hersteller (u.a. Oracle, IBM) mit dem Fokus auf Storage- und Systemtechnologie in Enterprise Rechenzentren. W\u00e4hrend seiner T\u00e4tigkeit als technischer Gesch\u00e4ftsf\u00fchrer und Leiter der Entwicklung des M\u00fcnchner Systemhauses best Systeme GmbH hat Michael Beeck ein enges Netzwerk zum Management und den technischen Abteilungen f\u00fchrender Hersteller von RZ-Technologie entwickelt und gepflegt. Dieses Netzwerk ist heute eine der Grundlagen, um technologische Trends fr\u00fchzeitig zu identifizieren und deren Anwendung zu analysieren.<\/p>\n","protected":false},"excerpt":{"rendered":"<p>Beratender Technologe und Vision\u00e4r, Technologie Evangelist Michael M. Beeck (*08.Oktober.1960 in Heidelberg) ist Unternehmer, Vision\u00e4r, Strategie-Consultant und Referent.&nbsp;&nbsp;&nbsp;Nach 25 Jahren als technischer Gesch\u00e4ftsf\u00fchrer und Entwicklungsleiter an der Spitze der M\u00fcnchner Systemh\u00e4user \u201ebest Systeme GmbH\u201c und \u201ebest Technologie GmbH\u201c ist er heute unabh\u00e4ngiger Berater und Gesch\u00e4ftsf\u00fchrer der \u201emibeeck Consulting GmbH\u201c.&nbsp;&nbsp;Schon w\u00e4hrend des Studiums der Elektrotechnik an &hellip; <\/p>\n<p class=\"link-more\"><a href=\"https:\/\/mibeeck.com\/\" class=\"more-link\"><span class=\"screen-reader-text\">\u201eMichael M. Beeck\u201c<\/span> weiterlesen<\/a><\/p>\n","protected":false},"author":1,"featured_media":0,"parent":0,"menu_order":0,"comment_status":"closed","ping_status":"closed","template":"","meta":{"footnotes":""},"class_list":["post-41","page","type-page","status-publish","hentry"],"_links":{"self":[{"href":"https:\/\/mibeeck.com\/index.php?rest_route=\/wp\/v2\/pages\/41","targetHints":{"allow":["GET"]}}],"collection":[{"href":"https:\/\/mibeeck.com\/index.php?rest_route=\/wp\/v2\/pages"}],"about":[{"href":"https:\/\/mibeeck.com\/index.php?rest_route=\/wp\/v2\/types\/page"}],"author":[{"embeddable":true,"href":"https:\/\/mibeeck.com\/index.php?rest_route=\/wp\/v2\/users\/1"}],"replies":[{"embeddable":true,"href":"https:\/\/mibeeck.com\/index.php?rest_route=%2Fwp%2Fv2%2Fcomments&post=41"}],"version-history":[{"count":2,"href":"https:\/\/mibeeck.com\/index.php?rest_route=\/wp\/v2\/pages\/41\/revisions"}],"predecessor-version":[{"id":413,"href":"https:\/\/mibeeck.com\/index.php?rest_route=\/wp\/v2\/pages\/41\/revisions\/413"}],"wp:attachment":[{"href":"https:\/\/mibeeck.com\/index.php?rest_route=%2Fwp%2Fv2%2Fmedia&parent=41"}],"curies":[{"name":"wp","href":"https:\/\/api.w.org\/{rel}","templated":true}]}}