{"id":287,"date":"2022-06-21T07:17:36","date_gmt":"2022-06-21T07:17:36","guid":{"rendered":"https:\/\/mibeeck.de\/wordpress\/?page_id=287"},"modified":"2022-06-21T07:17:36","modified_gmt":"2022-06-21T07:17:36","slug":"disaster-recovery","status":"publish","type":"page","link":"https:\/\/mibeeck.com\/?page_id=287","title":{"rendered":"Disaster Recovery Strategie"},"content":{"rendered":"\n<figure class=\"wp-block-image size-large\"><img loading=\"lazy\" decoding=\"async\" width=\"1024\" height=\"221\" src=\"https:\/\/mibeeck.com\/wp-content\/uploads\/2023\/04\/Bildschirmfoto-2022-06-21-um-08.16.55-1024x221.png\" alt=\"\" class=\"wp-image-354\" srcset=\"https:\/\/mibeeck.com\/wp-content\/uploads\/2023\/04\/Bildschirmfoto-2022-06-21-um-08.16.55-1024x221.png 1024w, https:\/\/mibeeck.com\/wp-content\/uploads\/2023\/04\/Bildschirmfoto-2022-06-21-um-08.16.55-300x65.png 300w, https:\/\/mibeeck.com\/wp-content\/uploads\/2023\/04\/Bildschirmfoto-2022-06-21-um-08.16.55-768x166.png 768w, https:\/\/mibeeck.com\/wp-content\/uploads\/2023\/04\/Bildschirmfoto-2022-06-21-um-08.16.55-1536x332.png 1536w, https:\/\/mibeeck.com\/wp-content\/uploads\/2023\/04\/Bildschirmfoto-2022-06-21-um-08.16.55-2048x443.png 2048w\" sizes=\"auto, (max-width: 767px) 89vw, (max-width: 1000px) 54vw, (max-width: 1071px) 543px, 580px\" \/><\/figure>\n\n\n\n<p>In den meisten Unternehmen stellt sich weniger die Frage <strong>ob<\/strong> sondern eher die Frage <strong>wann<\/strong> das Unternehmen von einer empfindlichen St\u00f6rung betroffen ist. Die Zahl der Unternehmen deren Betrieb durch Cyber Angriffe empfindlich gest\u00f6rt ist in den vergangenen Monaten explosionsartig gestiegen. Ebenso wie die Zahl der von Ausf\u00e4llen durch Naturereignisse &nbsp; betroffenen Unternehmen.&nbsp;<br>Viele Unternehmen haben heutzutage bereits Schutzma\u00dfnahmen zur Gefahrenabwehr implementiert, Strategien f\u00fcr einen Umgang mit katastrophalen Ausf\u00e4llen und einen z\u00fcgigen Wiederanlauf fehlen jedoch h\u00e4ufig.&nbsp;<\/p>\n\n\n<div class=\"wp-block-image is-style-default\">\n<figure class=\"aligncenter size-large\"><img loading=\"lazy\" decoding=\"async\" width=\"1024\" height=\"620\" src=\"https:\/\/mibeeck.com\/wp-content\/uploads\/2023\/04\/Bildschirmfoto-2022-06-21-um-08.32.06-1024x620.png\" alt=\"\" class=\"wp-image-355\" srcset=\"https:\/\/mibeeck.com\/wp-content\/uploads\/2023\/04\/Bildschirmfoto-2022-06-21-um-08.32.06-1024x620.png 1024w, https:\/\/mibeeck.com\/wp-content\/uploads\/2023\/04\/Bildschirmfoto-2022-06-21-um-08.32.06-300x182.png 300w, https:\/\/mibeeck.com\/wp-content\/uploads\/2023\/04\/Bildschirmfoto-2022-06-21-um-08.32.06-768x465.png 768w, https:\/\/mibeeck.com\/wp-content\/uploads\/2023\/04\/Bildschirmfoto-2022-06-21-um-08.32.06-1536x930.png 1536w, https:\/\/mibeeck.com\/wp-content\/uploads\/2023\/04\/Bildschirmfoto-2022-06-21-um-08.32.06.png 2014w\" sizes=\"auto, (max-width: 767px) 89vw, (max-width: 1000px) 54vw, (max-width: 1071px) 543px, 580px\" \/><\/figure>\n<\/div>\n\n\n<p>Eine (v)erprobte Strategie zur z\u00fcgigen Wiederherstellung der Daten und Wiederaufnahme der Produktion nach einer empfindlichen St\u00f6rung ist notwendig um gesch\u00e4ftskritische Unterbrechungen zu vermeiden.&nbsp;<\/p>\n\n\n\n<p>Im Rahmen einer Disaster Recovery Strategie werden Prozesse im Unternehmen analysiert und \u00fcberarbeitet um die Wiederherstellung den Business Anforderungen entsprechend zu priorisieren. Ein \u00fcbergeordneter Disaster Recovery Plan mit den spezifischen Disaster Recovery Pl\u00e4nen liefern die Handlungsanweisungen f\u00fcr den Katastrophenfall.&nbsp;<\/p>\n\n\n\n<p>Als Beratungsunternehmen begleiten wir Sie durch bei der Entwicklung und Implementierung der Strategie f\u00fcr Ihr Unternehmen.<\/p>\n\n\n\n<p>Wussten Sie?: <strong><a href=\"https:\/\/mibeeck.de\/wordpress\/2022\/06\/24\/cloud-schutzt-nicht-vor-ransomware-angriffen\/\" data-type=\"URL\" data-id=\"https:\/\/mibeeck.de\/wordpress\/2022\/06\/24\/cloud-schutzt-nicht-vor-ransomware-angriffen\/\" target=\"_blank\" rel=\"noreferrer noopener\">Cloud sch\u00fctzt nicht vor Verschl\u00fcsselung<\/a><\/strong><\/p>\n\n\n\n<h1 class=\"wp-block-heading\">Cyber Security Fr\u00fchwarnsystem AEGIS-EW<\/h1>\n\n\n\n<p>Fr\u00fchwarnung und l\u00fcckenlose Information sind Teil einer umfassenden Disaster Recovery Strategie. <strong><a href=\"https:\/\/mibeeck.de\/wordpress\/2022\/07\/13\/aegis-ew-early-warning\/\" data-type=\"URL\" target=\"_blank\" rel=\"noreferrer noopener\">AEGIS-EW<\/a><\/strong> bietet hierf\u00fcr ein Early Warning System as a Service.<\/p>\n","protected":false},"excerpt":{"rendered":"<p>In den meisten Unternehmen stellt sich weniger die Frage ob sondern eher die Frage wann das Unternehmen von einer empfindlichen St\u00f6rung betroffen ist. Die Zahl der Unternehmen deren Betrieb durch Cyber Angriffe empfindlich gest\u00f6rt ist in den vergangenen Monaten explosionsartig gestiegen. Ebenso wie die Zahl der von Ausf\u00e4llen durch Naturereignisse &nbsp; betroffenen Unternehmen.&nbsp;Viele Unternehmen haben &hellip; <\/p>\n<p class=\"link-more\"><a href=\"https:\/\/mibeeck.com\/?page_id=287\" class=\"more-link\"><span class=\"screen-reader-text\">\u201eDisaster Recovery Strategie\u201c<\/span> weiterlesen<\/a><\/p>\n","protected":false},"author":1,"featured_media":0,"parent":0,"menu_order":0,"comment_status":"closed","ping_status":"closed","template":"","meta":{"footnotes":""},"class_list":["post-287","page","type-page","status-publish","hentry"],"_links":{"self":[{"href":"https:\/\/mibeeck.com\/index.php?rest_route=\/wp\/v2\/pages\/287","targetHints":{"allow":["GET"]}}],"collection":[{"href":"https:\/\/mibeeck.com\/index.php?rest_route=\/wp\/v2\/pages"}],"about":[{"href":"https:\/\/mibeeck.com\/index.php?rest_route=\/wp\/v2\/types\/page"}],"author":[{"embeddable":true,"href":"https:\/\/mibeeck.com\/index.php?rest_route=\/wp\/v2\/users\/1"}],"replies":[{"embeddable":true,"href":"https:\/\/mibeeck.com\/index.php?rest_route=%2Fwp%2Fv2%2Fcomments&post=287"}],"version-history":[{"count":0,"href":"https:\/\/mibeeck.com\/index.php?rest_route=\/wp\/v2\/pages\/287\/revisions"}],"wp:attachment":[{"href":"https:\/\/mibeeck.com\/index.php?rest_route=%2Fwp%2Fv2%2Fmedia&parent=287"}],"curies":[{"name":"wp","href":"https:\/\/api.w.org\/{rel}","templated":true}]}}